nd derivative of -a**5/10 + a**4/6 - a**2/2 - 2*a. Let f be (18/((-3)/(-3)))/2. Let y = f + -8. Calculate v(y).
-1
Suppose 2*j = 3 + 3. Let x = j + 1. Let y(b) = 11*b + 31. Let n(m) = -4*m - 18. Let o(i) = -2*n(i) - y(i). Give o(x).
-7
Let d(c) = c + 4. Let t(o) = -o**2 + 4*o - 2. Let i be t(7). Let l = i + 23. What is d(l)?
4
Let z(t) = -t**3 - 2*t**2 + 6*t + 2. Suppose -o + 3*o - 141 = -3*g, -2*o - 188 = -4*g. Let i = g - 68. Let y be 78/i + 2/(-7). Calculate z(y).
10
Let g = 172 - 99. Suppose -72 = -t - g. Let l(d) = 7*d**3 - d**2. Give l(t).
-8
Let y(q) = 837*q - 8 - 10 - 5 + 0 - 838*q. Determine y(-14).
-9
Let x be (55 - 65)*(17/(-5) + 3). Let z(s) = s**2 - 10*s + 29. Determine z(x).
5
Let j(g) = g**2 + 48 + g**2 - 48 - 2*g - 7*g**2. What is j(2)?
-24
Let m(a) be the third derivative of 0*a + a**2 + 0 - 1/4*a**4 + 1/3*a**3. Let i = 11 + -9. Give m(i).
-10
Let x(t) be the second derivative of 3/2*t**2 - 1/12*t**4 - 26*t + 0 + 4/3*t**3. Determine x(6).
15
Let n(m) = -4 + 23*m + 4 - 1 - 22*m + 7 - m**2. Calculate n(4).
-6
Let v be (9/5)/(78/(-260)). Let m(r) = -r**3 - 5*r**2 + 8*r. Let s(t) = -2*t**3 - 10*t**2 + 17*t + 1. Let h(i) = -13*m(i) + 6*s(i). Give h(v).
-18
Let i(w) = 0*w + 4*w**2 - w**3 - 2*w - 4 + 4*w. Suppose 2*o + 2 = 4*j, 2*j - 16 = 4*o - 24. Calculate i(o).
11
Let t(z) be the first derivative of -z**4/4 + 5*z**3/3 - 3*z**2/2 - 2*z - 45. Suppose y - 3*y + 24 = 0. Suppose 8*p + y = 11*p. Determine t(p).
2
Let m(w) = w**3 + 5*w**2 - w - 4. Let z(x) = -4*x**3 - 14*x**2 + 4*x + 13. Let d(y) = 7*m(y) + 2*z(y). Let j = -884 + 891. Give d(j).
5
Suppose 3*l - 5*n + 19 = 0, -l + 13 = -4*n + 31. Let g(d) = 2*d**2 - 3*d + 3. Give g(l).
5
Let d(z) = z - 5. Let v = -4 - -19. Suppose -m = -4, -m + v = f - 0*m. Suppose -5*t + 24 = 2*y, t + f + 1 = 2*y. Determine d(y).
2
Let z(m) = 1442 + 5*m**2 + m**3 - 2*m**3 - 4*m - 1442. Give z(3).
6
Let l(k) be the second derivative of -k**5/20 - k**4/3 + 7*k**3/3 + 3*k**2/2 - 110*k. Calculate l(-6).
-9
Suppose 7 = 3*g - z, -4*g - 11*z = -8*z + 8. Let t(w) = -1 + w**2 + 24*w + g - 17*w. Calculate t(-7).
0
Let q = -6 + 11. Let h(z) be the third derivative of 0 - 1/24*z**4 + 23*z**2 + 0*z + 2/3*z**3. Calculate h(q).
-1
Let z be (8/(-12))/(3/(-18)). Suppose -4*b + 5*a = -6, -4*b = -z*a + 1 - 5. Let t(j) = -12*j**2 - 1. Calculate t(b).
-13
Let m(s) = -s + 122*s**3 + 4*s**2 + 3 - 3*s**2 - 6*s**2 - 123*s**3. Calculate m(-4).
-9
Suppose 3*c - 21 = -3*r, -2*r - 3 = -4*c + 1. Suppose z + 2*q + 12 = -3, c*q = 3*z + 9. Let t(d) be the first derivative of -d**2/2 - d - 1. Calculate t(z).
6
Let a(c) = 3*c**3 - 2*c + 1. Suppose 7 = 28*s - 49. What is a(s)?
21
Let a(p) = p - 1. Let q(j) = 4. Let o(z) = 3*a(z) + 2*q(z). Give o(8).
29
Let c be (1 + 6)/(1 + -2). Let g be ((-30)/(-21))/((-2)/c). Let f(t) = t**3 - 4*t**2 - 5*t. Give f(g).
0
Let m(u) = -3*u**2 - 13*u - 6. Let y be m(-4). Let n(f) = f**3 + f**2 + 2*f + 2. Determine n(y).
-6
Let d(i) = 5*i - 1. Let t(w) = 6*w - 1. Let a(v) = -5*d(v) + 4*t(v). Let j(f) = f**2 - 3*f + 13. Let l(k) = 3*a(k) - j(k). Give l(0).
-10
Let k(x) = -2*x - 19. Let n(f) = -f - 9. Let l(g) = 3*k(g) - 5*n(g). Let p be (-2 + 2 + 0)/(26 + -29). Determine l(p).
-12
Let z(a) = 7*a**3 + 25*a**2 + 20*a - 32. Let h(q) = 3*q**3 + 13*q**2 + 9*q - 16. Let i(m) = -9*h(m) + 4*z(m). Determine i(17).
-1
Let x(o) = 13*o + 61. Let j be x(-5). Let c(r) = r**2 - 21*r - 94. Give c(j).
6
Let l(m) = -12*m - 97. Let i be l(-8). Let n(r) = -4*r**3 - 1. Give n(i).
3
Let c(n) be the second derivative of -n**4/24 + 2*n**3/3 + 7*n**2 + 2*n. Let v(m) be the first derivative of c(m). What is v(3)?
1
Let u(d) = -d**2 - 4*d. Suppose -5*n + 35 = 2*n. Suppose c = -2*j - 4*c + n, 5*j + 2*c + 19 = 0. Calculate u(j).
-5
Let p(t) = 5*t**3 + 2*t + 21. Let n(y) = -11*y**3 + y**2 - 5*y - 43. Let g(f) = 6*n(f) + 13*p(f). Give g(6).
-9
Let l be (-2)/3*(-12)/16*4. Let u(z) = -5*z**3 + 5*z**2 - 9*z + 3. Let q(f) = -3*f**3 + 3*f**2 - 6*f + 2. Let n(x) = 8*q(x) - 5*u(x). Calculate n(l).
-1
Let r(g) = -g**2 + 6*g + 8. Let i be r(6). Suppose 9*u - i*u = 7. Let d(k) = -2 + u*k**2 + 14 + 6*k + k**3 - 5. Determine d(-6).
7
Let v(y) = -8*y + 11*y + 18*y - 10*y - 9 - 7*y. Determine v(15).
51
Let l(t) be the second derivative of t**5/20 - 5*t**4/12 - 13*t**3/6 - 2*t**2 + 22*t. Determine l(7).
3
Let y be (11 + -12 + 7)/(7 - 9). Let f(o) = 3*o + 5. Let q(s) = -10*s - 16. Let t(a) = 16*f(a) + 5*q(a). What is t(y)?
6
Let w = 161 + -155. Let b(k) = 4*k - 3. Let f(s) = -5*s + 3. Let o(y) = 6*b(y) + 5*f(y). Determine o(w).
-9
Let g(l) be the second derivative of 1/2*l**3 + 8*l + 0*l**4 + 0 + 1/20*l**5 - 3/2*l**2. Determine g(2).
11
Let n = 99 - 94. Suppose -6*c + 7 = -n*c. Let u(k) = k**2 - 9*k - 2. Calculate u(c).
-16
Let s(k) = 3*k**2 + 4*k + 14. Let d(w) = 16*w**2 + 19*w + 76. Let z(n) = 2*d(n) - 11*s(n). Suppose 45 = -5*m - 7*u + 2*u, -5*m - 2*u - 33 = 0. Calculate z(m).
3
Let t(q) = 4*q**2 + 4*q - 10. Let c(v) = 9*v**2 + 8*v - 23. Let l(g) = 3*c(g) - 7*t(g). Calculate l(-3).
4
Suppose 2*k + 21 = 5*k. Suppose -k = -4*f - v, v - 5 = -5*f - v. Let o(p) = -14*p - 6*p**2 - p**3 + 14*p - f. What is o(-6)?
-3
Let u(j) = j**2 - 6*j - 15. Let c be u(8). Let v(t) = t**2 + 5*t + 6. Let y be v(-4). Let a(r) = -r + 3 + 0 - 2*r**y - 2. Give a(c).
-2
Suppose 10 = 4*g - 2. Let f(r) be the second derivative of 0 + 3*r - 1/6*r**g + 1/2*r**2. What is f(-6)?
7
Let m(i) be the first derivative of i**4/2 - 2*i**3/3 + 2*i**2 - 3*i + 52. What is m(2)?
13
Let n(z) = -z**2 - 3*z + 3. Let b(c) = c + 24. Let h be b(-20). Suppose -h*m - 13 = 5*t + 6, -5*m = -3*t + 33. What is n(m)?
-15
Let d(n) = -37*n**3 + 10*n**2 - 3*n + 5. Let w(f) = -2*f**3 + 2*f**2 - f + 1. Let j(a) = -d(a) + 6*w(a). Determine j(1).
25
Let h(w) = 16*w + 5*w**2 - 2 - 1 - 1 - 24*w + w**3. Determine h(-6).
8
Let y(u) = 43*u**2 + 11*u - 4. Let l(p) = 42*p**2 + 8*p - 3. Let o(t) = -4*l(t) + 3*y(t). Determine o(-1).
-40
Let k(s) = s**3 + 2*s - 20*s**2 + 24*s**2 - 13 - 10*s**2. Give k(6).
-1
Suppose 2*y + 5*z = 2, 4*y + z + 14 = -0. Let j(a) be the third derivative of -a**6/120 - a**5/15 + a**4/24 - a**3/3 + 7*a**2 + 2. What is j(y)?
-6
Suppose 3*k + 120 = 72. Let m(i) = i**3 + 17*i**2 + 17*i + 19. Give m(k).
3
Let f(d) = d**2 + 4*d + 9. Let m be f(-3). Let w(g) = g - 7*g**2 + m*g**2 + g. Calculate w(5).
-15
Let a(r) = r + 46 - 2*r - 53. Determine a(-14).
7
Let i = -194 - -181. Let a(k) = -2*k - 19. Give a(i).
7
Let t be (-21)/(-4) - (-6)/(-24). Let k(o) = -o**2 - t + 2*o**2 + 3. Let f(z) = -z**3 - 3*z**2 + 3*z. Let h be f(-4). Calculate k(h).
14
Let s(r) be the second derivative of -r**4/12 - 5*r**3/3 - 2*r**2 - 3*r. Suppose 62 - 52 = -p. Determine s(p).
-4
Let n(q) = -5*q - 17. Let h(k) = -k**3 - 3*k**2 + 29*k + 4. Let z be h(-7). Calculate n(z).
-2
Let w(j) = 4*j - 1. Let a = -43 + 49. Let z(b) = b**3 - 10*b**2 - 9*b - 13. Let k be z(11). Suppose -k*g = -12*g - a. Determine w(g).
-9
Let m(g) = g**2. Suppose 8 - 17 = -3*b. Suppose -40*o = -37*o + b. What is m(o)?
1
Let f(a) be the first derivative of a**2 - 4*a - 2/3*a**3 - 1/4*a**4 + 6. Determine f(-3).
-1
Let h(m) be the third derivative of -m**6/720 + m**5/40 + 3*m**4/8 + 37*m**2. Let x(u) be the second derivative of h(u). Give x(6).
-3
Let y(j) be the third derivative of -j**7/630 + j**6/720 + 23*j**5/60 - 33*j**2. Let v(d) be the third derivative of y(d). Determine v(1).
-7
Let g(d) = d**2 + 8*d + 6. Suppose -18 = 2*t - 2*y, 4*y = -6*t + t - 18. Determine g(t).
-6
Let s = -53 - -108. Let r be 132/s*(-5)/(-2). Let j(h) = -h**2 + 5*h - 2. Give j(r).
-8
Let w(s) be the third derivative of 0*s + 4*s**2 + 1/6*s**3 - 1/24*s**4 + 0. Let t be w(-2). Let i(a) = a**3 - 4*a**2 + 3*a - 3. Calculate i(t).
-3
Let s(l) = -1 + 3 + 18244*l - 18247*l + 2. Calculate s(2).
-2
Suppose -2*u + 7*u - 25 = 0. Suppose -2*c + 5*c = j, u*j = c. Let f(s) = s**2 - s - 3. Give f(c).
-3
Let l(x) = -5*x - 27. Let c(k) = -27*k + 211. Let v be c(8). What is l(v)?
-2
Let u be 15/(-20)*-4 + -18 + 0. Let c(x) = x + 5. Determine c(u).
-10
Let y(z) = 16 - 34 - 2 - 10 - z. Let a be y(-27). Let r(s) = 2*s**2 + 4*s + 3. Give r(a).
9
Suppose 2*z - 6*z + 169 = -3*j, -3*z = -4*j - 125. Let c = z - 42. Let g(y) = -y**3 + 3*y**2 - 2*y + 1. Determine g(c).
1
Let j(l) = l + 2*l - 4*l + 1. Let n(m) 